reatest common divisor of g and b?
34
Let m be 2/12 + 53/6 + 0. Calculate the greatest common divisor of m and 72.
9
Suppose 0*s + 5*s + 25 = 0, -2*s - 10 = 2*j. Suppose -3*g - 20 + 83 = j. Calculate the greatest common divisor of g and 3.
3
Let l(y) = -16 + 8 + 50*y + 6. Let f be l(1). What is the highest common divisor of f and 12?
12
Let b(c) = c**2 + 8*c + 7. Let d be b(-7). Suppose 25 = -5*m, o - 2*m - m - 34 = d. What is the highest common factor of 171 and o?
19
Suppose -4 = -2*y - 8, y = -2*z + 1454. Calculate the greatest common factor of z and 112.
56
Suppose -5*v + 10 = -10. Suppose -3*i - 2*k + 22 + 58 = 0, -v*i = k - 110. What is the greatest common factor of 56 and i?
28
Let p be (7 - 6)/((0 + 2)/86). Let g = p - 33. Suppose 3*x - 23 = -2*s, x = -1 + 2. Calculate the highest common factor of g and s.
10
Let d = 57 - 54. Suppose -4*w = -d*k - 0*w + 697, k = 2*w + 233. What is the highest common divisor of 33 and k?
33
Suppose 0 = b + 3*y - 131 + 22, 5*b - 5*y = 625. Calculate the highest common divisor of b and 55.
11
Let r(f) = -f**3 + 7*f**2 - 7*f - 5. Let p be r(4). Calculate the highest common divisor of p and 40.
5
Let u = 234 - 225. What is the highest common divisor of 81 and u?
9
Let a(d) = -4*d**3 - 18*d + 5*d**3 - 38 + 9*d - 17*d**2. Let v be a(18). Calculate the highest common factor of 31 and v.
31
Let y(q) = q**3 - 4*q**2 - 4*q - 4. Let m be y(5). Let g(r) = 131*r + 1. Let c be g(m). Suppose 5*b + c = 7*b. Calculate the greatest common divisor of 6 and b.
6
Let k be 1 - (-16 + -1 + 1 + 3). What is the greatest common divisor of 574 and k?
14
Let m = 1129 + -1117. Calculate the highest common divisor of m and 300.
12
Let z(t) = 4 + 1 - 2*t**3 - t**3 + 10 - t**2 - 2*t. Let y be z(0). Calculate the highest common divisor of y and 12.
3
Let p(m) = 2*m + 5 - 18*m**3 + 6*m - 5*m. Let c be p(-2). What is the highest common divisor of 13 and c?
13
Suppose 369 = -0*l + 3*l. Suppose 5*m = l + 57. What is the highest common divisor of 54 and m?
18
Let a be (2/(-3))/(40/780). Let d = 1 - a. What is the highest common factor of 126 and d?
14
Let s be 1 - (1 - 0)*-1. Suppose -2*l = b - 5, -68 = -3*l + 4*b - 55. Calculate the greatest common factor of s and l.
1
Suppose 19 - 7 = 3*r. Let k be 6/r + 10*(-57)/(-12). Calculate the highest common divisor of k and 7.
7
Suppose 5*m - 315 + 115 = 0. Suppose 0 = w - 4*w + 48. What is the greatest common factor of w and m?
8
Let x(t) = 3*t - 7. Let c be x(4). Suppose -16*w + 19*w = 60. Calculate the greatest common divisor of w and c.
5
Let y be 8 + -2 + -2 + 2 + 2. Suppose -y*s + 34 = -6*s. Calculate the greatest common factor of 17 and s.
17
Let n(i) = i**3 - 7*i**2 + 8*i - 1. Let x be n(6). Suppose 0 = 3*k + 5*l - 6, 6 = 2*k - l - x. Calculate the highest common divisor of k and 63.
7
Let l be 3/(-1) - (-30)/5. Suppose -y + 11 = 2*y - u, 3*y - 9 = l*u. Suppose 5*a - 5 = 4*d + 13, 4 = y*a + 2*d. What is the greatest common factor of a and 3?
1
Suppose n = -7*s + 4*s + 65, -2*s = -4*n + 218. What is the highest common factor of n and 1960?
56
Suppose -3*a - 4*g - 700 = 0, 0*g = -g - 1. Let r = -60 - a. What is the highest common divisor of r and 43?
43
Suppose 3*g + 18 = 231. What is the greatest common factor of 213 and g?
71
Suppose -u - 49*x + 1058 = -54*x, -5*x = -4*u + 4292. What is the greatest common divisor of u and 98?
98
Suppose 4*x = -2*w + 16, -3*w + 5*x = 3*x. Let k be -2 + (-1 - (-36 - w)). Let v be (-35)/(-210) - 87/(-18). Calculate the greatest common factor of k and v.
5
Let m be -84*(2 + 550/(-77)). What is the highest common divisor of 128 and m?
16
Let a = -6 - -8. Let i(m) = 2*m**2 + m - 2. Let v be i(a). Let w = 17 - 16. What is the greatest common divisor of v and w?
1
Let l = 5 + 1. Let t = 82 - 70. Calculate the highest common factor of t and l.
6
Suppose 5*t - 8 - 72 = 4*n, 0 = 2*n - 10. Let m be (-3524)/(-16) - 2/8. Calculate the highest common factor of t and m.
20
Let g = 907 - 880. What is the highest common factor of g and 4?
1
Suppose -47 = -3*v + 5*g, 5 = -g - 4*g. Let i = v + 16. What is the highest common divisor of 15 and i?
15
Suppose -5*o = -4*k - 12, 3*k - 5*k = -o + 6. Let d be 11/3 + (-3)/(-9). Suppose -d*h + 380 = -o*h. Calculate the greatest common divisor of h and 19.
19
Suppose 79 = 4*h + b + 10, 4*h - 2*b = 78. Let q(s) = -6*s**3 - 2*s**2 - 2*s + 10. Let z be q(-2). Calculate the highest common divisor of h and z.
18
Let u be 0 + 4/(-14) - 7139/77. Let w = u + 236. What is the greatest common factor of 13 and w?
13
Suppose 3*g - 2*o - o - 30 = 0, -5*g = 2*o - 22. Let u be -1*(2 + -9 + 4). Calculate the highest common factor of g and u.
3
Suppose 5559 + 20129 = 26*p. What is the greatest common factor of p and 104?
52
Suppose -824 = -9*p + 274. Suppose 5*z + s = -2*s + 345, p = 2*z - 2*s. Let q = -47 - -69. Calculate the highest common divisor of z and q.
22
Let o(y) = -y**3 - 14*y**2 - 13*y - 21. Let g be o(-9). Let p = -189 - g. What is the highest common divisor of 24 and p?
24
Let v be -58 - ((-4)/(-16) + 17/(-4)). Let l = v + 142. Let n be 4*(-1 - -1 - -2). What is the greatest common factor of n and l?
8
Let m(y) be the first derivative of 7*y**2/2 - 12*y + 1. Let p be m(4). Let z be (5 - -1)*256/24. What is the greatest common divisor of p and z?
16
Let l(b) = 5*b + 13. Let o(m) = 16*m + 40. Let q(i) = 8*l(i) - 3*o(i). Let j be q(-5). What is the greatest common divisor of j and 264?
24
Suppose 5*y - 5094 = -5*p + 2511, p - 1523 = -3*y. Calculate the highest common divisor of p and 95.
95
Suppose 4*j - 48 = -4*x, 0 = -5*j - 4*x + 2*x + 60. Calculate the greatest common divisor of j and 372.
12
Let x be (-14 - -13) + -1 + -9. Let u(g) = -3*g - 25. Let j be u(x). What is the greatest common factor of 16 and j?
8
Suppose 4*b - 9 = 3. Suppose 0 = b*z + 5*w + 35, -2*z - z - 43 = w. Let s be 36/z*(1 - 51). Calculate the greatest common factor of 12 and s.
12
Suppose 37*g = 14*g + 966. Calculate the greatest common divisor of g and 98.
14
Let g = -19 + 36. Suppose -3*f + 5*l = -332, 13*f - 16*f + 362 = l. What is the greatest common divisor of f and g?
17
Suppose 0 = 2*p - 4, 5*c - 2*c - 19 = -2*p. Calculate the greatest common factor of 80 and c.
5
Let r be (48/6 - -6)/1. Calculate the highest common factor of 70 and r.
14
Suppose 5*v = 20, w - 3*w = 2*v - 38. Suppose w*m - 45 = 10*m. What is the greatest common factor of 99 and m?
9
Let g = 26 + -24. Suppose g*l + 42 = 2*t + 2*t, 5*l + 5 = 0. What is the highest common divisor of 110 and t?
10
Let y be 8 + 5*(0 + (-8)/(-20)). Suppose -y*b = -6*b - 44. Calculate the greatest common divisor of b and 44.
11
Suppose 0 = 189*k - 10*k + 85*k - 29040. Suppose -b - 10 = -2*b. Calculate the highest common factor of k and b.
10
Let c = 6 + -6. Let k = c + 10. Let s(t) = 49*t + 1. Let l be s(1). Calculate the highest common factor of k and l.
10
Let y be -3 - (-5)/15*-6 - -26. Calculate the greatest common divisor of y and 105.
21
Let k(r) = -8*r + 198. Let h be k(9). What is the highest common divisor of h and 12?
6
Suppose -5*h = -8*h. Let j be (-1 + 1)/(-2 - h). Suppose j = 2*v - 5*v + 30. Calculate the greatest common divisor of v and 10.
10
Suppose u - 40 + 0 = 0. Let w be 114/(-4)*u/(-15). Let c = w - 44. What is the greatest common divisor of 80 and c?
16
Suppose -z - 15 = -2*z. Suppose 2*u - z = -3*u. What is the greatest common factor of 15 and u?
3
Suppose 9*c = 40 + 5. Suppose -63 = -5*h + 162. What is the highest common divisor of c and h?
5
Let q be -86*((-1)/(-2))/(-1). Suppose 2*i - q = 67. Let x be ((-4)/(-14))/((-156)/(-6006)). What is the greatest common factor of x and i?
11
Let h(b) = -6*b + 3. Let s be h(2). Let f(k) = -k**3 - 10*k**2 - 14*k - 8. Let m be f(s). What is the highest common factor of 407 and m?
37
Suppose 0*z = 3*q - 5*z - 88, -z = 2. Let p be (0/1)/(1/(-1)). Suppose 0 = 3*t - p*t - 117. What is the greatest common factor of t and q?
13
Let d = 101 - 53. Let i be ((-9)/6)/(-2 + 94/d). Calculate the greatest common factor of 12 and i.
12
Suppose 4*h - 125 = 83. Let x be 1 + 0/1 + 38. Calculate the highest common factor of h and x.
13
Let x = -60 + 137. Suppose 2*g - 24 = 46. Suppose -5*v + 0*v + g = 0. Calculate the greatest common factor of v and x.
7
Suppose -43*c 